 c + c - 4 = 0, 4*c = n - 14. Let g be ((-50)/20)/(n/(-4)). What is the highest common factor of g and 25?
5
Let c be 5/(-2)*(-3 - -1). Let r = 8 - c. Let q be (-6)/8*(2 - 14). Calculate the greatest common factor of r and q.
3
Suppose 4*d = 1 + 43. What is the highest common divisor of d and 11?
11
Let h(m) = m**3 + 8*m**2 - 10*m - 7. Let u be h(-9). Let k(l) = 12*l**2 - 2*l - 2. Let f be k(u). What is the greatest common divisor of 105 and f?
21
Let i(x) = -16*x + 1. Let o be i(-1). Suppose -5 = -2*f + 1. Suppose -f*k = -3*n + 2*k + 189, 4*n - 284 = -4*k. What is the highest common divisor of o and n?
17
Let q = 15 + 7. What is the greatest common factor of q and 77?
11
Let o = -194 + 320. Let s(d) = 4*d - 2. Let w be s(4). Calculate the greatest common factor of o and w.
14
Suppose 7*h - 5*h = 32. Suppose -80 - h = -2*i. What is the greatest common divisor of 120 and i?
24
Let n be -61 - (2 + 0) - -3. Let k = n + 128. Calculate the greatest common divisor of 17 and k.
17
Let z = -20 + 14. Let c be 2/3 + 10/z. Let n be -2*(-1)/c*-25. Calculate the greatest common divisor of n and 10.
10
Suppose 5*t - 303 = -5*s + 17, -4*t + 4*s + 296 = 0. What is the greatest common factor of t and 23?
23
Let i be (23/(-20) + 12/16)*-105. What is the greatest common factor of 14 and i?
14
Let s(h) = 2*h + 27*h**2 - h + 4*h - 3*h - 2. Let d be s(2). Let w = -65 + d. Calculate the greatest common divisor of w and 5.
5
Let j(a) = -a**2 + 0 + 2 + 1 - 1 + a. Let g be j(-3). Let x = g + 26. What is the highest common factor of 112 and x?
16
Let t be (-2)/((-12)/(-8) - 1). Let d be (-7)/(-2) - t/8. Calculate the highest common divisor of d and 4.
4
Let r(s) be the first derivative of -5*s**2/2 - 7*s - 2. Suppose 0 = -f - f - 10. Let d be r(f). Calculate the highest common factor of d and 2.
2
Let y(u) = u**3 - 6*u**2 + 5*u + 12. Let r be y(5). Calculate the highest common factor of r and 18.
6
Suppose 2*c = -5*h + 40, h - 9 = 2*h - 3*c. Suppose 4*w = 3*x - 4*x + 2, -x + 8 = -2*w. Calculate the greatest common divisor of h and x.
6
Suppose -3*c + 1 = 7. Let u be (4/c - -5) + 2. Suppose 3*f = f + 40. Calculate the greatest common factor of f and u.
5
Suppose -i + 2*i - 339 = -3*b, i = -2*b + 227. Let o(z) = z**3 - 18*z**2 + 32*z + 16. Let y be o(16). Calculate the highest common factor of b and y.
16
Let q = -2 + 3. Suppose -3*v - 4 = -6*v + y, -4*y = -v - 6. Suppose 0 = -v*s + b - 2, -s - b + 3 = -2*s. What is the highest common divisor of q and s?
1
Suppose 4*o - 68 = -5*l, 0*l = 2*o - 3*l - 12. Suppose 3*a + 4*r + 4 = 24, 3*r + 24 = a. Calculate the greatest common divisor of a and o.
12
Suppose 4*p = 20, -b - 2*p + 8 = -11. Calculate the highest common divisor of b and 45.
9
Suppose 0 = -5*h + 2 - 7. Let p be -1 - h*(2 + -1). Suppose 2*l = 4*j + 10 - 36, p = 4*j - 5*l - 35. Calculate the greatest common factor of 1 and j.
1
Let w(a) = -26*a**3 + 2*a**2 + 2*a + 1. Let z be w(-1). What is the greatest common divisor of 9 and z?
9
Suppose -6*a + 76 = -2*a. Calculate the highest common divisor of a and 57.
19
Suppose 6*g - 2352 = -g. Suppose -16*k = -19*k + g. What is the highest common divisor of 16 and k?
16
Suppose -3*h + 164 + 40 = 0. Suppose 2 + 15 = w. What is the greatest common divisor of h and w?
17
Let c = 39 + -15. Let o be -3 + 2 + 35 + 2. Calculate the highest common divisor of c and o.
12
Let q = -32 + 61. Let n = q - 14. What is the greatest common factor of n and 5?
5
Let q = -24 + 23. Let p = q + 9. Suppose -2*j = -2*f + 72, 2*j - 35 - 85 = -4*f. Calculate the greatest common divisor of p and f.
8
Let w(g) = g**3 + 10*g**2 + 10*g + 13. Let j be w(-9). Suppose 7*p - 3*p = -3*f + 49, 0 = 4*p - 2*f - 74. Calculate the highest common factor of j and p.
4
Let v = -29 - -45. Let s = 24 - v. Let c(n) = -5*n + 4. Let k be c(-4). Calculate the greatest common divisor of s and k.
8
Let s = 25 + 9. Calculate the highest common factor of 85 and s.
17
Suppose -3*l + 4*u + 12 = -7*l, -4*u - 11 = 5*l. Let m = -7 - -18. Calculate the greatest common divisor of l and m.
1
Let h be (-16)/56 + (-1)/((-7)/16). Suppose -s = g + 2*g - 9, -g + 31 = 5*s. Calculate the greatest common factor of h and s.
2
Let g be (6 - 4)*(-92)/(-8). What is the highest common divisor of g and 46?
23
Suppose -7*s + 694 = 64. Let x(j) = -36*j**3 - j**2 + 1. Let a be x(-1). Calculate the highest common factor of a and s.
18
Suppose 5*y - 4 = 4*y. Suppose -4 = -y*r + 28. What is the greatest common factor of 88 and r?
8
Suppose -4*r - 4 = 3*h, h = -5*r - 1 - 4. Suppose 2*p - 15 + 7 = h, -3*t - 5*p = -50. What is the highest common divisor of 25 and t?
5
Let r = -126 - -385. What is the highest common divisor of r and 37?
37
Let x = -21 - -29. Suppose 5 = -3*o + 7*o + i, 0 = -3*o - i + 4. What is the highest common factor of x and o?
1
Suppose 3*k - 177 = 15. Calculate the greatest common factor of k and 160.
32
Let y = 296 - 221. What is the greatest common factor of 30 and y?
15
Let c(a) = a**2 + 6*a + 8. Let u be c(-8). Calculate the highest common factor of 24 and u.
24
Suppose -5*g = 3*d + 14, 2*d + 3*g = 6*d - 20. What is the greatest common factor of 14 and d?
2
Let u be ((-94)/(-10))/((-4)/(-20)). Suppose -5*w + u = -t, -2*w - t = -13 - 3. What is the highest common divisor of w and 3?
3
Let o = 425 - 173. Calculate the greatest common divisor of o and 28.
28
Suppose a + 2*a = -3. Let k be 7*(a + 1 + 2). Calculate the greatest common divisor of k and 98.
14
Let c(q) = 5*q - 3. Let w = 4 - 2. Let u(a) = 2*a**2 - 2*a - 2. Let l be u(w). Let m be c(l). Calculate the highest common factor of m and 21.
7
Suppose -2*s = -3*s + 22. Suppose 4*v - 6*v + s = 0. Let d(c) = 99*c**2. Let n be d(1). What is the greatest common factor of v and n?
11
Let b = 54 + -4. Calculate the highest common divisor of 25 and b.
25
Let q(j) = -j + 3. Let h be q(-1). Let a(x) = x**3 - 6*x**2 - 13*x + 12. Let y be a(8). What is the greatest common factor of y and h?
4
Suppose 2*y = 4*j - 4, 5*j - 5 = -5*y + 30. Suppose 26 = 2*l - d, -j*d - 54 = -5*l + 11. Suppose l = 4*v - 71. What is the highest common divisor of 63 and v?
21
Let b(a) = -9*a**3 - a**2 + 2*a - 1. Let l be b(1). Let g be 4/(-18) + 106/l. Let i be (-10)/6*g/4. What is the greatest common divisor of 40 and i?
5
Let r = 13 - 9. Suppose -5*d = 3*a - 3*d - 92, -r*a + 104 = -2*d. Calculate the highest common divisor of 14 and a.
14
Let d be 6/18 - 2/6. Suppose 3*h - 9 = 2*h + 4*b, d = 5*h + 4*b - 21. Let n = 15 + -10. What is the highest common factor of h and n?
5
Let x be (-1)/(6/4)*-3. Let g be -105*(4/(-3))/x. Let c = -18 + 32. What is the greatest common divisor of c and g?
14
Suppose 2*a - 24 = 2. What is the highest common divisor of a and 26?
13
Let i = 259 + -105. Suppose -2*x + 5*x - 42 = 0. What is the highest common divisor of x and i?
14
Let y(f) = f**3 - 7*f**2 - 2*f - 37. Let o be y(8). What is the greatest common factor of o and 253?
11
Suppose -5*t + 4*y = 34, 5*y = 4*t + t + 30. Let k be 914/10 - (-4)/t. Calculate the greatest common factor of 13 and k.
13
Suppose 5*l - 50 = 2*n - 7*n, n - 2*l = 19. What is the greatest common factor of n and 91?
13
Suppose -2*g = 6 - 4. Let n be 5*((-58)/(-5) - g). What is the greatest common divisor of 21 and n?
21
Let d = -1 + 0. Let v(n) = -10*n. Let w be v(d). Let l = 4 + 0. Calculate the greatest common divisor of l and w.
2
Let p(h) = 5*h**2 - h + 3. Let m be p(-3). Let z = m - 97. Let r be z/(-4) - 7/14. Calculate the highest common divisor of r and 88.
11
Suppose -2*t + 3*g = -23, 5*t + 6*g - g - 20 = 0. Let m be 10*3/21*t. What is the highest common factor of m and 10?
10
Let j = -2 + 8. Suppose 4*s + p + 19 = 9*s, -2*p = -3*s + 17. Let x be 1 + 33 + j/s. Calculate the highest common divisor of x and 24.
12
Let h = -5 + 14. Let w(c) = c**3 - 4*c**2 - 14*c - 13. Let k be w(7). Calculate the highest common divisor of h and k.
9
Suppose 5*b - 44 - 166 = 0. Suppose -83 = -5*n - 4*p + 9, -2*n + p + b = 0. Calculate the highest common factor of n and 30.
10
Let a(d) = -d**3 - 9*d**2 - 8*d + 3. Let g be a(-8). Suppose -j + 276 = g*j. Calculate the highest common factor of 46 and j.
23
Let z = 2 - 0. Suppose -6*i + i = z*k - 44, -4*k = -8. Suppose 2*g - 2*r - i = 0, 5*r + 3 = -2. What is the highest 